tors of 20729163?
3, 7, 13, 75931
List the prime factors of 226734139.
2027, 111857
List the prime factors of 29308268.
2, 11, 31, 21487
What are the prime factors of 150805994?
2, 75402997
What are the prime factors of 107714289?
3, 37, 26227
List the prime factors of 125068578.
2, 3, 20844763
What are the prime factors of 167969054?
2, 11, 694087
List the prime factors of 1622572898.
2, 73, 11113513
List the prime factors of 1382085675.
3, 5, 6142603
List the prime factors of 200138312.
2, 11, 367, 6197
List the prime factors of 2735456038.
2, 7, 195389717
What are the prime factors of 42103827?
3, 571, 2731
What are the prime factors of 49252707?
3, 7, 31, 25219
What are the prime factors of 532374266?
2, 266187133
List the prime factors of 5292211.
5292211
What are the prime factors of 84252637?
7, 31, 157, 2473
What are the prime factors of 836010138?
2, 3, 6607, 21089
What are the prime factors of 85624877?
13, 6586529
What are the prime factors of 1629705730?
2, 5, 47, 97, 35747
What are the prime factors of 364587414?
2, 3, 71, 137, 6247
List the prime factors of 253042338.
2, 3, 42173723
List the prime factors of 543216677.
543216677
What are the prime factors of 12173169?
3, 4057723
What are the prime factors of 356141425?
5, 271, 52567
List the prime factors of 6695758379.
6695758379
List the prime factors of 318798960.
2, 3, 5, 17, 78137
List the prime factors of 591919660.
2, 5, 433, 68351
List the prime factors of 472196126.
2, 421, 560803
What are the prime factors of 90852473?
4787, 18979
What are the prime factors of 349951393?
11, 31813763
List the prime factors of 232654769.
232654769
What are the prime factors of 10374105?
3, 5, 7, 98801
List the prime factors of 257129322.
2, 3, 42854887
What are the prime factors of 59895762?
2, 3, 9982627
List the prime factors of 103501560.
2, 3, 5, 31, 27823
List the prime factors of 182638927.
83, 661, 3329
What are the prime factors of 1870411315?
5, 17, 229, 307, 313
List the prime factors of 274233467.
9001, 30467
What are the prime factors of 30331669?
30331669
List the prime factors of 23967573.
3, 7, 79, 14447
List the prime factors of 262759257.
3, 29195473
What are the prime factors of 687588283?
19, 97, 349, 1069
List the prime factors of 838280756.
2, 209570189
What are the prime factors of 131093505?
3, 5, 971063
List the prime factors of 143477446.
2, 7, 257, 39877
What are the prime factors of 502199438?
2, 13, 29, 67, 9941
List the prime factors of 1686916264.
2, 11, 71, 109, 2477
List the prime factors of 2624604587.
11, 3833, 5659
List the prime factors of 735252964.
2, 183813241
What are the prime factors of 355589984?
2, 61, 182167
List the prime factors of 95994243.
3, 37, 41, 79, 89
What are the prime factors of 279201198?
2, 3, 977, 47629
List the prime factors of 23518092.
2, 3, 13, 41, 3677
List the prime factors of 1667171021.
53, 2371, 13267
List the prime factors of 60598728.
2, 3, 613, 1373
What are the prime factors of 729980645?
5, 145996129
List the prime factors of 2802619726.
2, 1401309863
What are the prime factors of 32946171?
3, 19, 137, 4219
List the prime factors of 35640425.
5, 59, 73, 331
List the prime factors of 1359138931.
23, 107, 552271
What are the prime factors of 2714747924?
2, 7, 41, 97, 24379
What are the prime factors of 107748739?
7, 15392677
List the prime factors of 163797516.
2, 3, 17, 267643
What are the prime factors of 365932223?
8867, 41269
List the prime factors of 239574635.
5, 47914927
List the prime factors of 47838718.
2, 41, 239, 2441
List the prime factors of 1891128442.
2, 7, 199, 1979
List the prime factors of 496253468.
2, 124063367
List the prime factors of 2732002210.
2, 5, 7, 19, 307, 6691
What are the prime factors of 1267815052?
2, 7, 17, 19, 103, 1361
What are the prime factors of 116123048?
2, 43, 79, 4273
What are the prime factors of 69268944?
2, 3, 1443103
What are the prime factors of 115923042?
2, 3, 2146723
What are the prime factors of 2130913332?
2, 3, 43, 3557
What are the prime factors of 69263117?
7, 11, 17, 7559
What are the prime factors of 65769077?
11, 5979007
What are the prime factors of 767980661?
7, 17, 593, 10883
List the prime factors of 571037571.
3, 13, 19, 256877
What are the prime factors of 674259114?
2, 3, 31, 3625049
What are the prime factors of 5285020453?
463, 11414731
List the prime factors of 4692114162.
2, 3, 43, 2020721
What are the prime factors of 41138845?
5, 11, 747979
List the prime factors of 729881401.
729881401
List the prime factors of 203130509.
203130509
List the prime factors of 3316877047.
11, 1259, 21773
List the prime factors of 1945536130.
2, 5, 31, 499, 12577
What are the prime factors of 44773942?
2, 89, 251539
List the prime factors of 69185309.
2039, 33931
List the prime factors of 924712607.
7, 13, 421, 24137
List the prime factors of 137473206.
2, 3, 13, 1762477
List the prime factors of 58510939.
997, 58687
What are the prime factors of 81411860?
2, 5, 89, 45737
What are the prime factors of 2536987348?
2, 7, 12943813
List the prime factors of 517048967.
12421, 41627
What are the prime factors of 3830609340?
2, 3, 5, 347, 20443
What are the prime factors of 144802585?
5, 28960517
List the prime factors of 614816341.
614816341
List the prime factors of 86223615.
3, 5, 19, 41, 47, 157
List the prime factors of 198787469.
31, 6412499
What are the prime factors of 50829244?
2, 12707311
List the prime factors of 485501995.
5, 11, 53, 151, 1103
List the prime factors of 701808785.
5, 37, 3793561
List the prime factors of 6043876075.
5, 241755043
List the prime factors of 29202346.
2, 877, 16649
What are the prime factors of 71813439?
3, 1459, 1823
What are the prime factors of 134258885?
5, 4271, 6287
List the prime factors of 150073933.
150073933
What are the prime factors of 24630437?
13, 107, 17707
List the prime factors of 7990108.
2, 7, 19, 23, 653
What are the prime factors of 2107007761?
17, 123941633
List the prime factors of 4812239.
4812239
List the prime factors of 229085697.
3, 727, 105037
List the prime factors of 1578989233.
5641, 279913
List the prime factors of 184313496.
2, 3, 1049, 7321
What are the prime factors of 196703401?
31, 6345271
What are the prime factors of 2948410?
2, 5, 31, 9511
List the prime factors of 428670197.
37, 1013, 11437
What are the prime factors of 16725501?
3, 13, 17, 2803
What are the prime factors of 223786891?
571, 391921
List the prime factors of 1933535653.
7, 12253, 22543
List the prime factors of 16992256.
2, 8297
List the prime factors of 60040652.
2, 7, 2144309
List the prime factors of 197835204.
2, 3, 7, 2355181
What are the prime factors of 179650107?
3, 7, 13, 219353
What are the prime factors of 3225008660?
2, 5, 53, 3042461
List the prime factors of 891424028.
2, 11, 71, 433, 659
List the prime factors of 1996827108.
2, 3, 73, 157, 14519
What are the prime factors of 17888110?
2, 5, 89, 101, 199
What are the prime factors of 8145589?
107, 269, 283
What are the prime factors of 3459344499?
3, 13, 251, 117797
What are the prime factors of 82418803?
1831, 45013
What are the prime factors of 958105256?
2, 227, 527591
List the prime factors of 920191612.
2, 59, 3899117
List the prime factors of 385744760.
2, 5, 571, 16889
List the prime factors of 525522993.
3, 175174331
What are the prime factors of 69473675?
5, 757, 3671
List the prime factors of 20078536.
2, 661, 3797
What are the prime factors of 280042032?
2, 3, 5834209
What are the prime factors of 44248103?
47, 941449
List the prime factors of 35563288.
2, 19, 233969
List the prime factors of 633280157.
5779, 109583
List the prime factors of 650152166.
2, 53, 547, 11213
List the prime factors of 2037171038.
2, 7, 3701, 39317
What are the prime factors of 2980259624?
2, 372532453
What are the prime factors of 68660751?
3, 22886917
List the prime factors of 3718041.
3, 1239347
List the prime factors of 1067242367.
25439, 41953
What are the prime factors of 85573559?
85573559
What are the prime factors of 716243979?
3, 11, 1033, 21011
List the prime factors of 56404085.
5, 11280817
What are the prime factors of 42727339?
307, 139177
What are the prime factors of 74443426?
2, 97, 383729
List the prime factors of 7678677.
3, 1579, 1621
List the prime